{"id":228,"date":"2011-11-26T22:31:36","date_gmt":"2011-11-26T22:31:36","guid":{"rendered":"http:\/\/www.dpsg-aalen.de\/?page_id=228"},"modified":"2019-03-27T15:11:05","modified_gmt":"2019-03-27T15:11:05","slug":"forderverein","status":"publish","type":"page","link":"https:\/\/www.dpsg-aalen.de\/?page_id=228","title":{"rendered":"F\u00f6rderverein"},"content":{"rendered":"<p>Einmal Pfadfinder, immer Pfadfinder. Das an diesem Satz viel Wahres ist, zeigt der F\u00f6rderverein. Hier treffen sich die ehemals aktiven Scouts der Aalener Pfadis. Der F\u00f6rderverein ist stetiger Organisator des w\u00f6chentlichen Fussballkicks und dem Vater-Kind Wochenendes,Weihnachtsessen sowie, nicht zu vergessen, der Oster-Freizeit. Dar\u00fcber hinaus steht er dem Stamm bei Bedarf mit Rat&amp;Tat zur Seite.<\/p>\n<p>Kontakt:<br \/>\nJoachim Winter:\u00a0\u00a0 <a href=\"mailto:aj.winter@gmx.de\">Aj.Winter@gmx.de<\/a><\/p>\n","protected":false},"excerpt":{"rendered":"<p>Einmal Pfadfinder, immer Pfadfinder. Das an diesem Satz viel Wahres ist, zeigt der F\u00f6rderverein. Hier treffen sich die ehemals aktiven Scouts der Aalener Pfadis. Der F\u00f6rderverein ist stetiger Organisator des w\u00f6chentlichen Fussballkicks und dem Vater-Kind Wochenendes,Weihnachtsessen sowie, nicht zu vergessen, der Oster-Freizeit. Dar\u00fcber hinaus steht er dem Stamm bei Bedarf mit Rat&amp;Tat zur Seite. Kontakt: &hellip; <\/p>\n<p class=\"link-more\"><a href=\"https:\/\/www.dpsg-aalen.de\/?page_id=228\" class=\"more-link\"><span class=\"screen-reader-text\">\u201eF\u00f6rderverein\u201c<\/span> weiterlesen<\/a><\/p>\n","protected":false},"author":1,"featured_media":0,"parent":165,"menu_order":0,"comment_status":"closed","ping_status":"open","template":"","meta":[],"_links":{"self":[{"href":"https:\/\/www.dpsg-aalen.de\/index.php?rest_route=\/wp\/v2\/pages\/228"}],"collection":[{"href":"https:\/\/www.dpsg-aalen.de\/index.php?rest_route=\/wp\/v2\/pages"}],"about":[{"href":"https:\/\/www.dpsg-aalen.de\/index.php?rest_route=\/wp\/v2\/types\/page"}],"author":[{"embeddable":true,"href":"https:\/\/www.dpsg-aalen.de\/index.php?rest_route=\/wp\/v2\/users\/1"}],"replies":[{"embeddable":true,"href":"https:\/\/www.dpsg-aalen.de\/index.php?rest_route=%2Fwp%2Fv2%2Fcomments&post=228"}],"version-history":[{"count":8,"href":"https:\/\/www.dpsg-aalen.de\/index.php?rest_route=\/wp\/v2\/pages\/228\/revisions"}],"predecessor-version":[{"id":2586,"href":"https:\/\/www.dpsg-aalen.de\/index.php?rest_route=\/wp\/v2\/pages\/228\/revisions\/2586"}],"up":[{"embeddable":true,"href":"https:\/\/www.dpsg-aalen.de\/index.php?rest_route=\/wp\/v2\/pages\/165"}],"wp:attachment":[{"href":"https:\/\/www.dpsg-aalen.de\/index.php?rest_route=%2Fwp%2Fv2%2Fmedia&parent=228"}],"curies":[{"name":"wp","href":"https:\/\/api.w.org\/{rel}","templated":true}]}}