{"id":180,"date":"2009-11-14T14:50:28","date_gmt":"2009-11-14T13:50:28","guid":{"rendered":"http:\/\/freshface.cz\/lcp\/wp\/?page_id=93"},"modified":"2018-05-31T14:53:52","modified_gmt":"2018-05-31T14:53:52","slug":"fullwidth","status":"publish","type":"page","link":"https:\/\/www.dpsg-aalen.de\/?page_id=180","title":{"rendered":"Stufen"},"content":{"rendered":"<p>Mit 7 Jahren k\u00f6nnen Kinder <img decoding=\"async\" loading=\"lazy\" class=\"size-full wp-image-1332 alignright\" src=\"http:\/\/www.dpsg-aalen.de\/wp-content\/uploads\/2013\/09\/Woe-Logo.jpg\" alt=\"Woe-Logo\" width=\"77\" height=\"77\" srcset=\"https:\/\/www.dpsg-aalen.de\/wp-content\/uploads\/2013\/09\/Woe-Logo.jpg 201w, https:\/\/www.dpsg-aalen.de\/wp-content\/uploads\/2013\/09\/Woe-Logo-150x150.jpg 150w\" sizes=\"(max-width: 77px) 100vw, 77px\" \/>bei den Pfadfindern als <strong>W\u00f6lflinge <\/strong>einsteigen. Der Name W\u00f6lflinge ist an das Dschungelbuch angelehnt, und genauso geht es auch zu: Im spielerischen Miteineindander und nat\u00fcrlich auch bisweilen wild wird die Welt entdeckt.<\/p>\n<p>D<img decoding=\"async\" loading=\"lazy\" class=\"size-medium wp-image-1333 alignright\" src=\"http:\/\/www.dpsg-aalen.de\/wp-content\/uploads\/2013\/09\/Jupfi-Logo-183x300.jpg\" alt=\"Jupfi-Logo\" width=\"46\" height=\"77\" \/>ie Stufe der 10-13j\u00e4hrigen Kinder heisst <strong>Jungpfadfinder<\/strong>. Bei den &#8222;Jupfis&#8220; geht es darum als Gruppe Spass zu haben. Konkret bedeudet das sich auseinanderzusetzen, einander zu akzeptieren und aufeinander R\u00fccksicht zu nehmen.<\/p>\n<p><img decoding=\"async\" loading=\"lazy\" class=\"size-full wp-image-1331 alignright\" src=\"http:\/\/www.dpsg-aalen.de\/wp-content\/uploads\/2013\/09\/Pfadi-Logo.jpg\" alt=\"Pfadi-Logo\" width=\"71\" height=\"77\" \/>Mit 13-16 Jahren kannst Du Mitglied der <strong>Pfadfinder<\/strong>-Stufe, kurz &#8222;Pfadis&#8220;, werden. Das Motto ist &#8222;Wag&#8216; es&#8220;. Deine Freunde in der Gruppe bieten R\u00fcckhalt und zugleich gilt es Tr\u00e4ume und Ideen umzusetzen. Aus vielen dieser &#8222;Spinnereien&#8220; sind schon schicke Spiele, Wanderungen, Gerichte oder Versch\u00f6nerung des Gruppenraumes geworden.<\/p>\n<p><img decoding=\"async\" loading=\"lazy\" class=\"size-full wp-image-1330 alignright\" src=\"http:\/\/www.dpsg-aalen.de\/wp-content\/uploads\/2013\/09\/Lilie_Rover.jpg\" alt=\"Lilie_Rover\" width=\"77\" height=\"77\" srcset=\"https:\/\/www.dpsg-aalen.de\/wp-content\/uploads\/2013\/09\/Lilie_Rover.jpg 200w, https:\/\/www.dpsg-aalen.de\/wp-content\/uploads\/2013\/09\/Lilie_Rover-150x150.jpg 150w\" sizes=\"(max-width: 77px) 100vw, 77px\" \/>Mit 16-20 Jahren beginnt dann das <strong>Rover<\/strong>-Leben, erkennbar an einem roten Halstuch. Offiziell geht es hier um die Entwicklung der Pers\u00f6nlichkeit und das St\u00e4rken der Entscheidungsfreude. Praktisch bedeuted das Hikes, vielen schlechte Witze, Pfadirock und Zeltlager organisieren, und einfach all das, auf was ihr Lust habt.<\/p>\n<p>Als echte Pfadfinder haben wir nat\u00fcrlich auch Halst\u00fccher. Und um schnell zu wissen wer wann ins Bett muss, gibt es ein paar praktische <strong>Halstuchfarben<\/strong>:<br \/>\nOrange=W\u00f6lflinge<br \/>\nBlau=Jupfis<a href=\"http:\/\/www.dpsg-aalen.de\/?page_id=226\"><img decoding=\"async\" loading=\"lazy\" class=\"size-full wp-image-1334 alignright\" style=\"border: 1px solid blue;\" src=\"http:\/\/www.dpsg-aalen.de\/wp-content\/uploads\/2014\/03\/Lilie_Leiter.jpg\" alt=\"Lilie_Leiter\" width=\"78\" height=\"77\" \/><\/a><br \/>\nGr\u00fcn=Pfadis<br \/>\nRot=Rover<br \/>\nGrau=Leiter<\/p>\n","protected":false},"excerpt":{"rendered":"<p>Mit 7 Jahren k\u00f6nnen Kinder bei den Pfadfindern als W\u00f6lflinge einsteigen. Der Name W\u00f6lflinge ist an das Dschungelbuch angelehnt, und genauso geht es auch zu: Im spielerischen Miteineindander und nat\u00fcrlich auch bisweilen wild wird die Welt entdeckt. Die Stufe der 10-13j\u00e4hrigen Kinder heisst Jungpfadfinder. Bei den &#8222;Jupfis&#8220; geht es darum als Gruppe Spass zu haben. &hellip; <\/p>\n<p class=\"link-more\"><a href=\"https:\/\/www.dpsg-aalen.de\/?page_id=180\" class=\"more-link\"><span class=\"screen-reader-text\">\u201eStufen\u201c<\/span> weiterlesen<\/a><\/p>\n","protected":false},"author":1,"featured_media":0,"parent":165,"menu_order":0,"comment_status":"closed","ping_status":"open","template":"","meta":[],"_links":{"self":[{"href":"https:\/\/www.dpsg-aalen.de\/index.php?rest_route=\/wp\/v2\/pages\/180"}],"collection":[{"href":"https:\/\/www.dpsg-aalen.de\/index.php?rest_route=\/wp\/v2\/pages"}],"about":[{"href":"https:\/\/www.dpsg-aalen.de\/index.php?rest_route=\/wp\/v2\/types\/page"}],"author":[{"embeddable":true,"href":"https:\/\/www.dpsg-aalen.de\/index.php?rest_route=\/wp\/v2\/users\/1"}],"replies":[{"embeddable":true,"href":"https:\/\/www.dpsg-aalen.de\/index.php?rest_route=%2Fwp%2Fv2%2Fcomments&post=180"}],"version-history":[{"count":25,"href":"https:\/\/www.dpsg-aalen.de\/index.php?rest_route=\/wp\/v2\/pages\/180\/revisions"}],"predecessor-version":[{"id":2416,"href":"https:\/\/www.dpsg-aalen.de\/index.php?rest_route=\/wp\/v2\/pages\/180\/revisions\/2416"}],"up":[{"embeddable":true,"href":"https:\/\/www.dpsg-aalen.de\/index.php?rest_route=\/wp\/v2\/pages\/165"}],"wp:attachment":[{"href":"https:\/\/www.dpsg-aalen.de\/index.php?rest_route=%2Fwp%2Fv2%2Fmedia&parent=180"}],"curies":[{"name":"wp","href":"https:\/\/api.w.org\/{rel}","templated":true}]}}